Calculate a(2).
-16
Let u(g) = -3*g - 148. Determine u(-52).
8
Let z(w) = -w**2 + 15*w - 6. Calculate z(13).
20
Let k(w) = -127*w**2 + 6*w - 5. Calculate k(1).
-126
Let n(b) = -b**2 - 69*b - 1139. Determine n(-40).
21
Let s(h) = 27*h**2 - 213*h - 25. What is s(8)?
-1
Let x(r) = -55*r - 1051. What is x(-19)?
-6
Let a(y) = -24*y**2 - 103*y - 30. Give a(-4).
-2
Let f(p) = p**2 + 69*p + 20. What is f(-69)?
20
Let u(t) = t**2 + 64*t + 573. What is u(-56)?
125
Let u(p) = -p**2 + 70*p + 682. Determine u(75).
307
Let x(v) = 2*v**3 + 91*v**2 - 141*v - 10. What is x(-47)?
-10
Let u(b) = -83*b - 6628. Give u(-80).
12
Let x(u) = -946*u + 13240. Give x(14).
-4
Let v(d) = 171*d + 370. Determine v(-2).
28
Let q(h) = -h + 74. Calculate q(36).
38
Let m(f) = 157*f + 502. Give m(-3).
31
Let w(m) = -1071*m + 32181. What is w(30)?
51
Let h(o) = 17*o - 55. Calculate h(-6).
-157
Let n(h) = 2*h**2 + 55*h - 3811. Determine n(32).
-3
Let u(d) = -3*d**2 - 773*d - 6706. Calculate u(-9).
8
Let v(l) = 66*l - 1096. Give v(17).
26
Let y(c) = 6*c**2 + 452*c + 1024. Calculate y(-73).
2
Let m(j) = 462*j - 1131. Calculate m(3).
255
Let h(s) = 2*s**2 - 31*s + 7. Calculate h(3).
-68
Let v(b) = -b**2 + 696*b - 12868. What is v(19)?
-5
Let p(o) = 25*o - 109. Determine p(4).
-9
Let u(d) = 2*d**3 - 6*d**2 - d - 36. What is u(5)?
59
Let r(x) = 2*x**2 + 7*x + 41. What is r(0)?
41
Let i(q) = 29*q - 14. Give i(4).
102
Let z(a) = -271*a + 818. Give z(3).
5
Let d(k) = -821*k + 6548. What is d(8)?
-20
Let y(k) = 21*k + 152. Give y(-9).
-37
Let w(f) = f**2 + 29*f - 88. Calculate w(-31).
-26
Let z(d) = -9*d**2 - 14*d + 22. Calculate z(4).
-178
Let d(k) = 88*k**2 - 4*k - 6. What is d(-2)?
354
Let d(s) = -19*s + 140. Calculate d(13).
-107
Let v(m) = -5*m + 178. Determine v(35).
3
Let g(w) = 226*w - 4743. What is g(21)?
3
Let d(f) = 61*f**3 - f**2. Give d(1).
60
Let a(l) = -4*l**2 + 47*l - 132. Give a(3).
-27
Let k(c) = c**2 - 14*c + 54. What is k(21)?
201
Let m(q) = q**3 - 163*q**2 + 488*q - 1322. Give m(160).
-42
Let t(o) = o**3 - 25*o**2 - 72*o + 500. Determine t(27).
14
Let o(g) = 251*g**3 - 2*g**2 - g + 1. Determine o(-1).
-251
Let w(x) = 459*x + 11482. Determine w(-25).
7
Let f(h) = 52*h**2 + 8*h - 1. Give f(0).
-1
Let t(a) = 2*a**2 + 67*a + 348. What is t(-8)?
-60
Let m(b) = 5*b**2 + 52*b + 591. Give m(-10).
571
Let o(t) = -2*t**2 - 197*t - 3209. Give o(-78).
-11
Let d(a) = -52*a - 1337. What is d(-26)?
15
Let l(g) = -30*g - 546. What is l(-2)?
-486
Let p(r) = -r**3 + 13*r**2 + 35*r - 46. Calculate p(13).
409
Let g(d) = d**2 - 42*d + 292. Calculate g(29).
-85
Let y(u) = -7*u**3 - 2*u**2 + 2. Determine y(-1).
7
Let c(q) = -5*q**2 - 92*q - 28. Calculate c(-18).
8
Let y(c) = -c**2 + 2*c + 41. Give y(9).
-22
Let t(m) = -m**2 + 32*m - 83. Calculate t(28).
29
Let h(b) = -2*b**2 - 88*b - 406. What is h(-37)?
112
Let v(i) = 78*i + 69. Give v(-3).
-165
Let t(p) = -19*p - 1224. Calculate t(-67).
49
Let f(r) = r**2 - 161*r + 4063. What is f(129)?
-65
Let i(y) = -y**3 - 14*y**2 - 11*y - 70. Calculate i(-12).
-226
Let u(p) = -p**2 + 70*p + 748. Determine u(-9).
37
Let z(h) = -28*h**2 + 16*h + 27. Give z(-2).
-117
Let k(q) = -q**3 - 108*q - 345. Determine k(-3).
6
Let p(h) = -h**2 + 153*h - 5392. Calculate p(98).
-2
Let f(r) = -66*r - 193. Determine f(-6).
203
Let g(r) = -2*r**3 + 6*r**2 + 79*r + 1. Give g(8).
-7
Let x(b) = -b**3 - 22*b**2 + 5*b + 61. What is x(-9)?
-1037
Let o(u) = -2133*u - 4255. What is o(-2)?
11
Let p(t) = -91*t + 1326. What is p(11)?
325
Let q(o) = o + 7. What is q(33)?
40
Let x(r) = 10*r**3 - 5*r**2 - 2*r - 7. Calculate x(-4).
-719
Let o(y) = 5*y**2 - 137*y + 256. Determine o(2).
2
Let f(l) = l**2 - 27*l + 143. What is f(17)?
-27
Let q(w) = w**3 - 9*w**2 - 8*w - 161. Determine q(11).
-7
Let a(m) = 47*m**2 - 214*m + 110. Determine a(4).
6
Let i(j) = j**3 - 11*j**2 - 147*j - 48. Give i(19).
47
Let o(t) = 2778*t - 13953. Give o(5).
-63
Let f(n) = -n**2 - 241*n - 719. Calculate f(-3).
-5
Let h(u) = -32*u + 1076. What is h(34)?
-12
Let p(k) = 22*k**2 - 67*k + 159. Give p(3).
156
Let u(d) = d**2 - 31*d - 186. Give u(-5).
-6
Let i(z) = -5818*z - 58183. Calculate i(-10).
-3
Let v(t) = -8*t**3 - 37*t**2 + 22*t. Give v(-5).
-35
Let q(v) = 199*v - 9. What is q(-1)?
-208
Let d(y) = y**2 - 365*y - 7723. Give d(-20).
-23
Let b(w) = 7*w**2 - 73*w + 241. Calculate b(3).
85
Let l(d) = -135*d - 26. What is l(-1)?
109
Let q(j) = 2*j**2 - 23*j + 57. What is q(8)?
1
Let m(w) = 4*w**2 + 151*w + 46. Give m(-37).
-65
Let b(r) = -r**3 - 90*r**2 - 117*r - 2490. What is b(-89)?
2
Let n(l) = -2*l**3 + 136*l**2 - 11*l + 600. Determine n(68).
-148
Let b(g) = g**2 + 9*g - 125. What is b(9)?
37
Let b(w) = 38*w**2 + 351*w + 387. Determine b(-8).
11
Let l(s) = -8666*s + 34660. Give l(4).
-4
Let z(x) = x**3 + 21*x**2 + 93*x + 47. What is z(-15)?
2
Let b(o) = 117*o + 701. Calculate b(-8).
-235
Let v(h) = -220*h + 2151. Calculate v(10).
-49
Let p(q) = -31*q - 1077. Calculate p(-35).
8
Let f(g) = g**3 - 15*g**2 + 9*g + 28. What is f(13)?
-193
Let a(c) = 2*c**2 + 55*c - 2483. Calculate a(24).
-11
Let q(f) = -f**3 - 61*f**2 - 54*f + 367. Give q(-60).
7
Let v(n) = -3*n**3 - 7*n**2 - 6*n + 11. Give v(-2).
19
Let s(q) = -2*q**3 - 6*q**2 + 396*q + 542. Give s(-15).
2
Let b(z) = z**3 + 9*z**2 - 40*z + 1. Determine b(-12).
49
Let o(m) = m**2 + 43*m + 153. Calculate o(-40).
33
Let t(d) = 16*d**2 + 7*d - 11. Calculate t(3).
154
Let l(v) = -v**3 + 25*v**2 - 121*v - 32. Give l(18).
58
Let m(w) = -346*w + 1384. Determine m(4).
0
Let v(p) = p**2 + 7*p - 624. Determine v(22).
14
Let y(r) = -r**2 - 27*r - 149. Determine y(-21).
-23
Let k(j) = -6*j**2 - 72*j + 26. Calculate k(-13).
-52
Let b(p) = -14*p + 306. Give b(22).
-2
Let n(d) = -d**3 + 14*d**2 + 51*d - 9. Determine n(18).
-387
Let t(h) = -35*h**3 - 12*h**2 - h. Determine t(1).
-48
Let x(b) = -b**3 - 17*b**2 - 101*b - 309. Determine x(-9).
-48
Let p(g) = 4*g**2 + 23*g + 51. Determine p(-3).
18
Let u(b) = -2*b**3 + 5*b**2 - 18*b + 29. Calculate u(2).
-3
Let l(y) = 123*y - 1131. What is l(9)?
-24
Let j(m) = -2*m**2 + 29*m + 8416. Determine j(-58).
6
Let d(m) = 8*m**2 + 8*m - 14. What is d(0)?
-14
Let r(a) = a**2 + 69*a + 92. Determine r(-68).
24
Let p(x) = 2*x**3 - 69*x**2 - 19*x - 550. Determine p(35).
10
Let s(r) = -r**3 - 16*r**2 + 73*r + 310. Calculate s(-19).
6
Let i(k) = k**3 + 19*k**2 - 12*k - 538. Determine i(-18).
2
Let g(x) = -x**3 + 28*x - 34. What is g(-10)?
686
Let x(h) = h**3 + 9*h**2 - 22*h - 252. Calculate x(-7).
0
Let s(m) = -m**2 - 18*m - 73. Give s(-6).
-1
Let s(v) = -9*v**3 - 5*v**2 + 3*v + 5. Calculate s(2).
-81
Let v(k) = 32*k + 30. Determine v(-9).
-258
Let a(y) = -116*y - 149. Calculate a(-5).
431
Let w(x) = -58*x + 176. Give w(5).
-114
Let z(l) = 1811*l + 1812. What is z(-1)?
1
Let l(h) = -17*h - 139. Calculate l(-4).
-71
Let r(k) = 662*k + 1315. Give r(-2).
-9
Let c(h) = h**3 + 14*h**2 + 32*h - 30. Determine c(-11).
-19
Let w(h) = 4*h - 47. Determine w(6).
-23
Let q(g) = 2*g**2 - 900*g + 53826. What is q(71)?
8
Let a(z) = 348*z + 4507. Determine a(-13).
-17
Let z(c) = c**3 - 9*c**2 - 10*c + 77. Give z(11).
209
Let j(a) = 1914*a + 63166. What is j(-33)?
4
Let u(p) = -264*p + 635. Determine u(4).
-421
Let u(a) = -702*a + 9717. What is u(14)?
-111
Let h(u) = -19267*u + 211940. Determine h(11).
3
Let i(t) = 2*t**2 + 85*t - 33. Calculate i(-42).
-75
Let v(d) = 245*d + 18895. Give v(-77).
30
Let o(q) = -q**3 - 26*q**2 - 4*q - 121. Calculate o(-26).
-17
Let z(i) = 1406*i - 7040. Give z(5).
-10
Let m(i) = -i**2 - 16*i - 92. Give m(-12).
-44
Let c(r) = 3*r**2 - 32*r - 60. Calculate c(12).
-12
Let r(f) = 5*f**3 - 2*f**2 + 42*f - 40. Determine r(1).
5
Let k(i) = i**2 - 9*i + 46. Give k(6).
28
Let z(i) = 87*i**2 + 298*i - 4. Determine z(-3).
-115
Let k(l) = 29*l + 48. Calculate k(-7).
-155
Let h(l) = 4359*l - 213589. Give h(49).
2
Let x(k) = 7*k - 7. Calculate x(12).
77
Let o(v) = -4*v**2 - 34*v - 30. Determine o(-7).
12
Let t(d) = 70*d**2 + 5*d - 4. Give t(2).
286
Let n(y) = y**3 + 6*y**2 - 6*y - 5. What is n(-8)?
-85
Let x(v) = 8*v - 134. What is x(12)?
-38
Let s(j) = -6*j**3 + 9*j**2 - 6*j + 26. Determine s(3).
-73
Let r(j) = -47*j + 16. What is r(-3)?
157
Let j(w) = -8*w**2 + 47*w - 1. What is j(6)?
-7
Let m(d) = 20*d - 11. Calculate m(2).
29
Let m(v) = -73*